
Does 58 divide 1364?
False
Is 1434 a multiple of 12?
False
Does 23 divide 42?
False
Does 119 divide 19000?
False
Is 620 a multiple of 62?
True
Does 58 divide 8670?
False
Is 16 a factor of 272?
True
Does 174 divide 39340?
False
Is 12 a factor of 1944?
True
Does 24 divide 216?
True
Is 138 a factor of 13034?
False
Is 16 a factor of 264?
False
Does 15 divide 1008?
False
Is 46 a factor of 2438?
True
Is 3 a factor of 331?
False
Does 79 divide 2765?
True
Is 58 a multiple of 45?
False
Is 181 a multiple of 3?
False
Is 312 a multiple of 6?
True
Is 31556 a multiple of 23?
True
Does 76 divide 2204?
True
Does 9 divide 476?
False
Does 28 divide 210?
False
Is 47109 a multiple of 9?
False
Does 30 divide 61?
False
Does 62 divide 396?
False
Is 447 a multiple of 6?
False
Is 7 a factor of 1743?
True
Does 8 divide 37528?
True
Is 306 a multiple of 3?
True
Is 16 a factor of 272?
True
Does 31 divide 2387?
True
Is 990 a multiple of 10?
True
Is 448 a multiple of 32?
True
Is 50 a factor of 99400?
True
Is 145 a factor of 1825?
False
Does 6 divide 204?
True
Does 31 divide 1483?
False
Does 50 divide 466?
False
Does 21 divide 9261?
True
Does 5 divide 8628?
False
Is 15 a factor of 2745?
True
Is 10487 a multiple of 71?
False
Is 6174 a multiple of 98?
True
Is 25 a factor of 1154?
False
Is 278 a factor of 39656?
False
Is 377 a multiple of 13?
True
Does 17 divide 4550?
False
Is 4 a factor of 3094?
False
Is 20100 a multiple of 23?
False
Is 13718 a multiple of 9?
False
Is 3481 a multiple of 11?
False
Does 14 divide 6242?
False
Is 785 even?
False
Does 14 divide 5450?
False
Is 3 a factor of 359?
False
Is 2 a factor of 2496?
True
Is 66 a factor of 47586?
True
Does 25 divide 17786?
False
Is 3829 a multiple of 146?
False
Is 35359 a multiple of 25?
False
Does 7 divide 20804?
True
Is 10 a factor of 460?
True
Is 23399 a multiple of 204?
False
Does 18 divide 2288?
False
Does 27 divide 1242?
True
Is 3 even?
False
Is 30 a factor of 72990?
True
Does 69 divide 33994?
False
Does 96 divide 141?
False
Does 23 divide 30360?
True
Does 58 divide 4284?
False
Is 1303 a multiple of 140?
False
Is 33415 a multiple of 23?
False
Is 59 a factor of 8054?
False
Is 183 a multiple of 3?
True
Does 191 divide 9168?
True
Does 6 divide 116?
False
Does 80 divide 28400?
True
Is 413 a multiple of 2?
False
Is 2171 a multiple of 167?
True
Is 905 a multiple of 25?
False
Is 441 a multiple of 21?
True
Is 17 a factor of 119?
True
Is 3597 a multiple of 11?
True
Is 3383 a multiple of 12?
False
Is 1420 a multiple of 20?
True
Is 32 a factor of 1090?
False
Is 1271 a multiple of 46?
False
Does 45 divide 15629?
False
Is 22796 a multiple of 82?
True
Is 27 a multiple of 2?
False
Is 164 a multiple of 4?
True
Is 3383 a multiple of 12?
False
Is 3 a factor of 232?
False
Does 19 divide 874?
True
Is 398 a multiple of 7?
False
Is 39 a factor of 2335?
False
Does 43 divide 5243?
False
Does 58 divide 6032?
True
Is 41 a factor of 2672?
False
Is 16 a factor of 10304?
True
Is 2376 a multiple of 11?
True
Does 33 divide 19235?
False
Is 4266 a multiple of 4?
False
Is 1088 a multiple of 34?
True
Is 461 a multiple of 10?
False
Is 4 a factor of 1588?
True
Is 1424 a multiple of 178?
True
Is 61 a factor of 5246?
True
Does 10 divide 696?
False
Is 1332 a multiple of 37?
True
Does 69 divide 8364?
False
Is 5640 a multiple of 10?
True
Is 72 a factor of 144?
True
Is 198 a factor of 32831?
False
Is 25788 a multiple of 165?
False
Is 39 a factor of 1833?
True
Does 54 divide 11718?
True
Is 1914 a multiple of 28?
False
Is 15 a factor of 855?
True
Is 444 a multiple of 9?
False
Is 67572 a multiple of 10?
False
Does 41 divide 1353?
True
Is 960 a multiple of 120?
True
Is 1975 a multiple of 79?
True
Does 123 divide 530?
False
Is 5076 a multiple of 9?
True
Is 75980 a multiple of 178?
False
Does 15 divide 29640?
True
Is 3 a factor of 459?
True
Does 13 divide 552?
False
Is 2491 a multiple of 53?
True
Does 8 divide 7072?
True
Does 25 divide 4900?
True
Does 51 divide 306?
True
Is 12 a factor of 516?
True
Is 193 a factor of 29316?
False
Is 39 a factor of 20619?
False
Is 14 a factor of 29666?
True
Is 731 a multiple of 17?
True
Does 12 divide 341?
False
Is 17128 a multiple of 11?
False
Does 75 divide 2363?
False
Does 48 divide 5153?
False
Is 151 a factor of 2012?
False
Is 9 a factor of 860?
False
Is 55 a factor of 3960?
True
Is 10662 a multiple of 9?
False
Is 116 a multiple of 58?
True
Does 12 divide 40056?
True
Does 13 divide 4364?
False
Is 6 a factor of 198?
True
Is 23 a factor of 9293?
False
Is 3 a factor of 271?
False
Does 17 divide 2469?
False
Is 853 a multiple of 37?
False
Does 85 divide 28390?
True
Is 225 a multiple of 5?
True
Is 99 a factor of 36616?
False
Is 49 a factor of 1176?
True
Is 88 a factor of 28864?
True
Is 40 a factor of 73840?
True
Is 3 a factor of 19?
False
Is 43 a factor of 2279?
True
Is 600 a multiple of 15?
True
Is 9176 a multiple of 37?
True
Is 241 a multiple of 16?
False
Does 152 divide 21888?
True
Is 5546 a multiple of 15?
False
Is 42714 a multiple of 18?
True
Does 41 divide 45822?
False
Is 16 a factor of 2161?
False
Is 7 a factor of 357?
True
Does 3 divide 276?
True
Is 414 a multiple of 46?
True
Is 3325 a multiple of 209?
False
Is 12 a factor of 2076?
True
Is 10 a factor of 6040?
True
Does 56 divide 580?
False
Is 307 a factor of 68154?
True
Is 107 a multiple of 3?
False
Does 6 divide 155?
False
Does 7 divide 8316?
True
Is 255 a multiple of 6?
False
Does 3 divide 24?
True
Is 95 a factor of 12635?
True
Is 1336 a multiple of 4?
True
Is 2322 a multiple of 54?
True
Is 95 a factor of 61275?
True
Is 1787 a multiple of 6?
False
Does 18 divide 309?
False
Is 46 a factor of 828?
True
Is 4 a factor of 126?
False
Is 29 a factor of 33031?
True
Does 13 divide 1079?
True
Does 65 divide 2795?
True
Does 3 divide 57?
True
Does 15 divide 66?
False
Is 75440 a multiple of 46?
True
Is 203 a multiple of 7?
True
Does 10 divide 469?
False
Is 13 a factor of 15703?
False
Does 6 divide 798?
True
Does 11 divide 5764?
True
Is 11 a factor of 5280?
True
Is 40 a factor of 3836?
False
Is 4 a factor of 412?
True
Does 4 divide 289?
False
Is 35 a factor of 1400?
True
Is 10 a factor of 140?
True
Is 12 a factor of 528?
True
Does 37 divide 11803?
True
Does 90 divide 900?
True
Does 4 divide 544?
True
Is 51 a factor of 22134?
True
Does 66 divide 660?
True
Does 109 divide 1155?
False
Is 837 a multiple of 31?
True
Is 23856 a multiple of 28?
True
Is 2 a factor of 818?
True
Does 32 divide 16385?
False
Does 43 divide 13516?
False
Is 2881 a multiple of 58?
False
Is 1808 a multiple of 37?
False
Does 13 divide 15318?
False
Does 53 divide 1296?
False
Does 3 divide 463?
False
Is 11 a factor of 3608?
True
Is 7668 a multiple of 41?
False
Is 6 a factor of 1041?
False
Does 8 divide 1928?
True
Is 58 a factor of 2494?
True
Is 3226 a multiple of 3?
False
Is 15 a factor of 314?
False
Does 50 divide 4150?
True
Does 4 divide 8580?
True
Is 288 a multiple of 21?
False
Is 34 a factor of 9202?
False
Is 11780 a multiple of 62?
True
Does 110 divide 16765?
False
Is 2275 a multiple of 25?
True
Does 13 divide 117?
True
Does 56 divide 224?
True
Is 7 a factor of 406?
True
Does 19 divide 817?
True
Is 60 a factor of 200?
False
Is 32229 a multiple of 9?
True
Does 4 divide 3067?
False
Is 35 a multiple of 13?
False
Does 287 divide 8021?
False
Is 1170 a multiple of 13?
True
Is 13 a factor of 15197?
True
Is 124840 a multiple of 40?
True
Does 15 divide 9900?
True
Does 109 divide 896?
False
Is 87 a factor of 55280?
False
Does 25 divide 454?
False
Is 24 a factor of 23184?
True
Is 23 a factor of 14536?
True
Is 2804 a multiple of 32?
False
Is 29142 a multiple of 16?
False
Is 8 a factor of 290?
False
Does 43 divide 5977?
True
Is 6 a factor of 37455?
False
Is 24 a multiple of 2?
True
Is 533 a multiple of 41?
True
Is 627 a multiple of 3?
True
Is 4 a factor of 158?
False
Is 12 a factor of 4674?
False
Is 1800 a multiple of 15?
True
Does 48 divide 1296?
True
Is 6177 a multiple of 23?
False
Does 8 divide 9112?
True
Does 18 divide 1400?
False
Is 5 a factor of 875?
True
Is 8 a factor of 2657?
False
Is 7100 a multiple of 100?
True
Does 34 divide 3060?
True
Is 4 a factor of 564?
True
Does 16 divide 156?
False
Does 19 divide 589?
True
Is 14943 a multiple of 35?
False
Is 140 a factor of 22749?
False
Is 43 a factor of 1048?
False
Is 1280 a m